Suppose -4*v + 16 = 0, 0*n + v - 42 = -n. Let p = n - 19. Suppose 3*i - p = 5. List the prime factors of i.
2
List the prime factors of ((-900)/(-175))/(2/259).
2, 3, 37
Let j(x) = x**3 + 153*x - 149*x + x**2 + 1 - 5*x**2. Let h be j(3). Suppose h*n - 86 = 22. What are the prime factors of n?
3
Let l(u) = 2*u**2 + 5*u - 145. Let z(h) = -h**2 - 3*h + 72. Let q(f) = -6*l(f) - 11*z(f). List the prime factors of q(0).
2, 3, 13
Suppose 0 = 4*k - 4*w - 17088, -5*k - 282*w = -286*w - 21365. What are the prime factors of k?
7, 13, 47
Let k(o) = 510*o**3 + 2*o - 3. List the prime factors of k(1).
509
Let p(r) = -6*r + 52. What are the prime factors of p(-18)?
2, 5
Let a(w) = 5*w**3 - 4*w**2 + w - 9. What are the prime factors of a(4)?
251
Suppose 3*v - 15 = -w, 4*v + 17 = 4*w + 53. Suppose 0 = v*x - 9*x - 27. What are the prime factors of ((-1)/(-2))/(x/(-630))?
5, 7
Suppose 0 = -3*g + 1324 + 200. What are the prime factors of g?
2, 127
Let g = 118 - 99. Suppose f + 37 = 2*l, 3*l - 17 - g = -5*f. What are the prime factors of l?
17
Let b(a) = 5 + 9*a + 11 + 2*a**2 - 3 - 2. List the prime factors of b(-6).
29
Let b = 10 + -7. Suppose 3 - 33 = -b*w. List the prime factors of w*(-12)/32*-4.
3, 5
Suppose -14 = -v + 8*v. List the prime factors of 12*((-3)/4 - v).
3, 5
Let d(q) = 58*q + 65. What are the prime factors of d(6)?
7, 59
Let q = -14 - -17. Suppose -2*x = -q*y - y - 2, 5*y + 6 = -x. Let z = x - -26. What are the prime factors of z?
5
Suppose 2*n + 0*p + 3*p = 4, 0 = -2*n - 4*p + 6. List the prime factors of (-82)/n + (-4)/2.
2, 5
Let h be (2 - 1)*4*1. Let t = 1 - h. What are the prime factors of -31*(-2 + (t - -4))?
31
Let q be (-4)/6 - (-780)/36. Let r = -5 + q. What are the prime factors of r?
2
Suppose 4*i + 0*i - 5*r - 29 = 0, 0 = 5*i + r. Suppose -w + 4 = i. Suppose -w*n = 2*a - a - 50, -3*n = 4*a - 200. What are the prime factors of a?
2, 5
Suppose -41*b - 12*b + 58777 = 0. List the prime factors of b.
1109
Let m = 9 + -2. Suppose m = i - 19. What are the prime factors of i?
2, 13
Suppose 3*j = 3*g + 1473, -974 = -3*j + j + 4*g. List the prime factors of j.
3, 5, 11
Let y = -2933 + 5164. What are the prime factors of y?
23, 97
Let u = -147 - -99. Let s = u + 136. What are the prime factors of s?
2, 11
Let f(c) = -123*c + 14. What are the prime factors of f(-3)?
383
Suppose -111*x + 5152 = -104*x. What are the prime factors of x?
2, 23
Let w = -29 + 11. Let y = w + 13. Let d = 25 + y. What are the prime factors of d?
2, 5
Let i be -9 + ((-8)/(-4))/(-2). Let n = i + 13. Suppose 0 = -0*s + 5*s + a - 111, -a = n*s - 67. What are the prime factors of s?
2, 11
Suppose 3*h + 5*l + 14 = l, 4*h = 5*l + 33. Suppose -3*j = -2*q - 20, 3*j = 11*q - 10*q + 16. What are the prime factors of (0 + h/j)*28?
2, 7
Suppose 30*w = 20*w + 890. What are the prime factors of w?
89
Suppose -358*j + 399*j - 74456 = 0. What are the prime factors of j?
2, 227
Suppose z + 2*p - 17 = 0, 3*z + 2*p = -p + 48. What are the prime factors of (z - 0)/((-16)/(-80))?
3, 5
Suppose -5*f + 23 = g, 3*f - 2*g + 3*g - 13 = 0. Suppose -f*t + t = 12. What are the prime factors of (21/(-12))/(t/48)?
2, 7
Let h = -1 + 6. Let z = h - 14. Let w = 7 - z. List the prime factors of w.
2
Suppose 12 = 2*r + 2*r + 2*s, 2*s = -2*r + 2. Suppose 178 = 3*a + 5*p, r*a + 2*p = -p + 270. What are the prime factors of a?
3, 17
Let j be 32/3 - 1/(-3). Suppose 0 = -4*u + j - 127. Let n = -14 - u. List the prime factors of n.
3, 5
Let b(t) be the third derivative of t**4/12 + 35*t**3/3 - 19*t**2. List the prime factors of b(26).
2, 61
Let c be ((-32)/112)/((-2)/14). Let n be (5 - 5)*c/2. Suppose -5*j + 61 + 14 = n. What are the prime factors of j?
3, 5
Suppose -11*n = -3*n - 61520. List the prime factors of n/130 + (-2)/13.
59
Suppose 5*p - 6*l - 4522 = 0, -2*p + 6*l + 1810 = 3*l. List the prime factors of p.
2, 11, 41
Suppose -2*q = -7*q + 130. Suppose 0*x + 4*x - 8 = 5*n, -2*n + 4 = 2*x. Suppose -140 = -4*r - i, x*r + 2*i = q + 44. What are the prime factors of r?
5, 7
Let x(r) = 10*r**3 - 6*r**3 - 7*r**2 + r**2 - 5*r**3. Let g be x(-6). Suppose 0 = -g*d - 3*d + 69. What are the prime factors of d?
23
Suppose -11*l = -13*l - 10. Let o be 2/l - 162/(-30). Suppose -4*c = w - 64, -5*c + 0*c + o*w = -55. List the prime factors of c.
3, 5
Let m(t) = t - 4. Let p be m(-4). Let z(u) = -u + 10. Let n be z(p). Suppose 54 = 4*k - n. What are the prime factors of k?
2, 3
Let b(v) = v**2 + 2*v - 6. Let j be b(-3). Let q = 9 + j. What are the prime factors of (-11 + -5)/((-3)/q)?
2
Suppose 3*t = 2*n + 18, -3*t = 2*n - 4 - 2. Let y(m) = -5 + m**3 + m + 2 + 0*m**3 + 8*m**2. List the prime factors of y(n).
3, 13
Suppose 0 = -3*p + 5*m + 513, p - m - 3*m - 171 = 0. Suppose 2*z - 2*u - 98 = 0, 3*u = 3*z + 6*u - p. Let w = -22 + z. What are the prime factors of w?
31
Let d(n) = n**2 + 14*n + 16. Let j be d(-14). Let l(a) = -a + 18. Let y be l(j). Suppose y*h + 141 = 5*h. What are the prime factors of h?
47
Suppose 4*d - w - 5 = 0, -w + 0*w = d - 5. Suppose d*x - 116 = -0*x. What are the prime factors of x?
2, 29
Let d(w) = w**2 - 9*w - 8. Let j be d(11). Suppose 4*n = 6*n - j. What are the prime factors of (-9)/3*(-4 - n)?
3, 11
Suppose 6 = 4*j - 58. Suppose 5*n - 69 = j. What are the prime factors of n?
17
Let h(d) = 4*d + 3. Let k be h(0). What are the prime factors of 16/(-64) - (675/(-4))/k?
2, 7
Let r(q) = 2*q**2 - 10*q + 38. What are the prime factors of r(14)?
2, 5, 29
Let b(p) = p**2 + 17*p + 12. Let a = -12 + -1. Let g be b(a). Let h = g - -60. What are the prime factors of h?
2, 5
Suppose -h - 8268 = -13*h. What are the prime factors of h?
13, 53
Let f(t) = 142*t + 2. Let o = 55 + -54. List the prime factors of f(o).
2, 3
Let p(y) = y**3 + 6*y**2 + 6*y - 6. Let q be p(-5). Let r(f) = 4*f - 6. Let x(v) = -2*v + 3. Let w(s) = 2*r(s) + 5*x(s). List the prime factors of w(q).
5
Suppose -a = -4*p + 2369, -42 = -3*p - a + 1733. List the prime factors of p.
2, 37
Let u = -791 + 1316. List the prime factors of u.
3, 5, 7
Let f = 2418 - 1500. What are the prime factors of f?
2, 3, 17
Let k = 303 - -261. What are the prime factors of k?
2, 3, 47
Let o(w) = -39*w - 55. Let v be o(-25). Suppose -15*d + v = -10*d. List the prime factors of d.
2, 23
Let b(j) = -j - 2. Let k be b(-2). Suppose k = -5*n - 4*g + 6 - 189, 0 = -n + 2*g - 31. Let r = 62 + n. What are the prime factors of r?
3
Let j = -111 + 41. Let h = j + 130. What are the prime factors of h?
2, 3, 5
Suppose 2*h = 12 - 6. What are the prime factors of -1 + (h - -74 - -2)?
2, 3, 13
Suppose -3*o + 2*f = -1244, 2*o - 816 = 3*f + f. What are the prime factors of o*5/(-40)*-4?
11, 19
Let m(i) = i**2 + i + 1. Let c be m(-2). Suppose -96 = c*o - 7*o. What are the prime factors of 36 + (o/2)/(-4)?
3, 11
Suppose 3*g + 15 = -2*k - 39, 0 = -5*g + 4*k - 112. What are the prime factors of (-6)/2 + g*(-6 - -1)?
97
Suppose -13 + 3 = -5*l. Suppose 0*b = l*b. Suppose x + b*x + 1 = 0, -q + x = -37. List the prime factors of q.
2, 3
Let h(x) = x**2 + 17*x + 22. Let g be h(-15). Let b = 8 + g. Suppose b = 5*d + d - 174. What are the prime factors of d?
29
Suppose 43*b = 42*b - 13. Let f(n) = n**2 + 10*n + 9. What are the prime factors of f(b)?
2, 3
Suppose -3*i + 150 = -5*j, 4*i - j = -5*j + 200. Let p(c) = 5*c - 9. Let z be p(-4). Let l = i + z. What are the prime factors of l?
3, 7
Suppose 0*z + 2*z - 4*m = 24, 0 = -3*z + 4*m + 28. Suppose z*o - 228 = 4. What are the prime factors of o?
2, 29
Let i(y) = y**2 + 3*y - 3. Let j be i(-5). Let x(n) = 2*n**2 - 14*n. Let d be x(j). Suppose 3*v + 0 - 24 = d. List the prime factors of v.
2
Let t = 23 + 8. Let l(c) = c + 1. Let o be l(1). Suppose t = s + o. List the prime factors of s.
29
Suppose -113 = 4*r + t + 4*t, 4*t = -5*r - 148. Let n be 8/(-1)*(-4)/2. Let x = n - r. List the prime factors of x.
2, 3
Suppose -11*q + 7774 + 41946 = 0. What are the prime factors of q?
2, 5, 113
Suppose 2*q - 3*r + 1440 = 3*q, 0 = -3*r - 12. List the prime factors of q.
2, 3, 11
Let f = -173 + 30. Let l = f - -297. List the prime factors of l.
2, 7, 11
Let c be ((-12)/24)/((-1)/10). Let m be (c + -4)*(-1 + 1). List the prime factors of (0 - (-2 - m)) + 16.
2, 3
Suppose -4*j = y - 669, -2*y - 2*j + 1345 = -j. What are the prime factors of y?
673
Let a = 1